ate the remainder when f is divided by r.
1
Suppose -3*r = -p + 2*r + 7, 0 = -p - 4*r - 20. Calculate the remainder when 4/(-18) + (-376)/(-72) is divided by p*(-3)/(-12)*-2.
1
Let j = -2 - -4. Let h = 2 + 1. Calculate the remainder when h is divided by j.
1
Let k(y) = y**2 + 4*y + 12. Let h(x) = x**2 + x - 3. Let u be h(-4). Let o = u - 18. What is the remainder when k(o) is divided by 15?
12
Suppose -4*y - 4*y = -272. What is the remainder when y is divided by 19?
15
Let j be (6/9)/(3/9). Suppose d - 15 = -n, -3*d + 4*d - 30 = -j*n. Suppose x = -0*x + n. What is the remainder when 28 is divided by x?
13
Let v = 63 - 36. Calculate the remainder when v is divided by 16.
11
Let k = 353 - 106. Let z = 422 - k. Suppose 3*c = -2*c + z. Calculate the remainder when c is divided by 12.
11
Let g(w) = w + 48. Calculate the remainder when 176 is divided by g(13).
54
Let p = -29 - -38. Calculate the remainder when 26 is divided by p.
8
Let r = 15 - 10. Calculate the remainder when 9 is divided by r.
4
Suppose 7*g = 5*g + 40. Suppose 0 = -4*t + 2*t + g. What is the remainder when 27 is divided by t?
7
Let g = -14 + 9. Calculate the remainder when g*3/(6/(-4)) is divided by 4.
2
Let l(q) = -3*q + 0 - 4*q - 1 - q**2 + 0*q**2. Let h be l(-7). Calculate the remainder when ((-96)/(-15))/(h/(-5)) is divided by 17.
15
What is the remainder when 75 - (-2 + 6 + -1) is divided by 25?
22
Let d(n) = -7*n - 4. Let k = 5 - 8. Calculate the remainder when 33 is divided by d(k).
16
Let q(b) = 2*b**2 + 2*b - 1. Calculate the remainder when q(5) is divided by 10.
9
Let x be 4/22 + (-540)/66. What is the remainder when 9*x/3*-1 is divided by 9?
6
Suppose 0*h + h = 2. Calculate the remainder when 64 is divided by (-1220)/(-55) + h/(-11).
20
Let k be 2/7 + (-396)/14. Suppose 0 = 2*h - 4*y + 8*y - 102, 0 = -5*h - 2*y + 287. Let j = k + h. What is the remainder when j is divided by 16?
15
What is the remainder when 4/1 - -158*(-5)/(-10) is divided by 14?
13
Suppose -4*u - 2 + 10 = 0. Let x = -7 + 13. Suppose 3*k + 0*n - 4 = n, 0 = 2*k + n - x. Calculate the remainder when k is divided by u.
0
Let n(b) = -b - 6. Let x be n(-11). Suppose -k = -x - 15. What is the remainder when 39 is divided by k?
19
Suppose 2*z - 27 = -z. What is the remainder when 12 is divided by z?
3
Let q be 2/(-4) + 13/(-2). Let k = 12 + q. Suppose -5*y = 5*s - 25, 0 = -0*y + k*y + s - 37. What is the remainder when 15 is divided by y?
7
Let a be 1/3 + 14/3. Let s(n) = 2*n + 5. What is the remainder when s(a) is divided by 3 - (32/(-4) - -3)?
7
Let l = 5 + -3. Suppose -15 = -l*p + 21. What is the remainder when p is divided by 5?
3
Let x(m) = -2*m**2 + 5*m**2 - 4*m - 2*m**2 - 23 + 29. What is the remainder when 52 is divided by x(6)?
16
Suppose 46 = 2*b - 4*s, b - 30 = 4*s + 1. What is the remainder when b is divided by 8?
7
Suppose -2*r + 282 = -46. What is the remainder when r is divided by 28?
24
Let h(p) = p**3 + 27*p**2 + p + 31. Calculate the remainder when 4 is divided by h(-27).
0
Let h = 37 + -1. Calculate the remainder when 177 is divided by h.
33
Let v = 21 + -20. Let m = 2 + -1. Calculate the remainder when m is divided by v.
0
Let z(t) = t**2 + t + 2. Let q(l) = 2*l - 7. Calculate the remainder when q(8) is divided by z(-2).
1
Suppose 2*l = -0*l + 26. Let r(a) = a**3 + a**2 + a - 1. What is the remainder when r(3) is divided by l?
12
Let h(c) = c**2 - 3*c - 5. Calculate the remainder when 7 is divided by h(5).
2
Let y(t) = t**2 - 2*t - 1. Suppose 5*m - 2*x + 0*x - 19 = 0, -4*m + 16 = -2*x. Let q(h) = 2*h**2 - 4*h - 1. What is the remainder when q(3) is divided by y(m)?
1
Suppose -5*i = -2*d + 3*d - 31, 39 = d + i. What is the remainder when d is divided by 12?
5
Let i be -61*1/((-1)/54). Calculate the remainder when (-2)/13 - i/(-117) is divided by 10.
8
What is the remainder when (-1036)/(-8) - -1*(-1)/(-2) is divided by 44?
42
Let j(l) = l**2 + 3*l + 4. Let s be j(-3). Suppose -q - 4 = -s*v, -2*v + 5*q = -v - 1. What is the remainder when 2/20*-2 + (-368)/(-115) is divided by v?
0
Let f(v) = -2*v**3 + 20*v**2 - 3*v + 3. What is the remainder when f(8) is divided by 59?
58
Suppose z + 1 = -5*n, 4*z - 2*n = -3*n + 53. Calculate the remainder when z is divided by 5.
4
Suppose -5*y - 4 + 14 = 0. Calculate the remainder when 2 is divided by y.
0
Let v be 3/(-6) - (-2)/4. Suppose v = 3*d - 57 - 9. What is the remainder when d is divided by 12?
10
Suppose -18 = -4*p + 46. Suppose 2*z = 2*j - p, 0 = -z + 3*z + 6. Calculate the remainder when 13 is divided by j.
3
Let d = 78 - 29. Calculate the remainder when d is divided by 10.
9
Suppose -4*t - 33 + 9 = 0. Let w(g) = -g + 9. What is the remainder when w(-8) is divided by 3/t*(-18 + 0)?
8
Let r = -201 + 332. What is the remainder when r is divided by 22?
21
Suppose -3*p + 71 = -16. Calculate the remainder when p is divided by 16.
13
Suppose 12*k - 16*k + 80 = 0. Suppose 4*x + 5*s - 118 = 2*x, 3*s = 2*x - 118. Calculate the remainder when x is divided by k.
19
Let h = 141 + -45. Suppose -g = -3*g - 2*x + h, -3*g + 140 = 5*x. Suppose -t = -5*t - 2*i + 84, 3*t = 5*i + g. What is the remainder when 39 is divided by t?
19
Let g = 86 + -77. Calculate the remainder when 197 is divided by g.
8
Let x be 2/(-3*3/(-27)). What is the remainder when 12 is divided by -3*(1 - 16/x)?
2
Let n be (-1)/(-5) + (-5)/25. Let l = 7 - n. Suppose 0 = 2*f - l*f, 93 = 3*o + 5*f. What is the remainder when o is divided by 11?
9
Suppose -5*s + 86 = y, y + 3*y = 4*s - 88. Suppose -h + 6 = 13. Let u = h + s. What is the remainder when 31 is divided by u?
9
What is the remainder when 10 is divided by (16/12)/((-4)/(-12))?
2
Suppose 2*l = -0*l + 20. Calculate the remainder when l is divided by 3.
1
Suppose 0*m + 3*i = -3*m + 66, -5*m + 75 = -2*i. Let g = 30 - m. Calculate the remainder when g is divided by 8.
5
Let g(s) = -171*s**3 + 2*s + 1. Let x be g(-1). Suppose 5*k + a = -0*a + 216, -4*k + 2*a = -x. Calculate the remainder when k is divided by 15.
13
Let m = 2 + 6. Calculate the remainder when 23 is divided by m.
7
Suppose 0*g - 2*g + 26 = 0. Let m = -94 - -144. What is the remainder when m is divided by g?
11
Let g = 18 - 16. Calculate the remainder when g is divided by 1 - 2 - 2/(-1).
0
Suppose -3*t + 5*t = 2*x - 78, 2*x + 3*t - 73 = 0. Suppose -2*b - 3*b = -65. Calculate the remainder when x is divided by b.
12
Suppose 3*r = s + 46, 4*r - 60 = 2*s - 0*s. Let b = -8 - -14. Calculate the remainder when r is divided by b.
4
Let o = 2 + 0. Let n = o - 3. Let d = n - -11. Calculate the remainder when 19 is divided by d.
9
Let x(q) = -q**2 - 6*q - 4. Let v be x(-4). Suppose 0 = 2*u - v - 26. What is the remainder when 29 is divided by u?
14
Let h = 7 - 5. Suppose 0*x + 254 = h*x. Suppose -3*r - 3*k + x = 2*k, 0 = 5*r - 2*k - 253. Calculate the remainder when r is divided by 17.
15
Suppose -o - 2*o = -5*r, -4*o = 3*r - 29. What is the remainder when o is divided by 4 - (-3)/(-2 - 1)?
2
Let o be (3 + (-6)/3)*3. Suppose -i - 3*i + 68 = 5*v, 0 = o*i + 4*v - 52. Calculate the remainder when 22 is divided by i.
10
Let l(o) = 2*o. Let f = -2 - -3. Let r be l(f). Calculate the remainder when ((-17)/r)/((-2)/4) is divided by 9.
8
What is the remainder when (8/(-10))/((-2)/380) is divided by 51?
50
Let y = 91 + -44. What is the remainder when y is divided by 3?
2
Let j = -16 - -18. Let m(s) = -s + 13. What is the remainder when m(6) is divided by j?
1
Suppose 0 = d + 6 - 16. Calculate the remainder when (-4)/(-14) + 351/21 is divided by d.
7
Let w = 44 - 22. Suppose i - 199 = -3*q, -52 = -q - 2*i + 21. What is the remainder when q is divided by w?
21
Let l(x) = -6*x + 1. Suppose -3*s = 3, 0 = -5*p + 3*s - 0*s + 253. What is the remainder when p is divided by l(-2)?
11
Let a(x) = -x**3 - 5*x**2 - x - 1. Suppose -3*q = 5*u + 28, 2*u + 4 = u + q. Calculate the remainder when 15 is divided by a(u).
3
Let c = 45 - 10. Suppose 3*a + a = 36. Calculate the remainder when c is divided by a.
8
Suppose -3*c = 2*c - 25. Let m(u) = -u**2 + 8*u - 7. What is the remainder when 14 is divided by m(c)?
6
Let s be (5 - -1 - 0)*-1. Let z be (-32)/s - (-4)/(-12). Suppose 0 = -z*i - 5*l + 70, 2*l = -2*i + 3*l + 25. Calculate the remainder when 38 is divided by i.
12
Let m = 8 - 6. Let i = -1 - m. What is th